 -3*h - 5*j = -82. List the prime factors of h.
19
Let b = 10 + -5. Suppose 2*q - 4*z + 45 = z, b*z + 60 = -q. Let y = q + 60. What are the prime factors of y?
5
Suppose -4849 - 76205 = -27*v. List the prime factors of v.
2, 19, 79
Suppose -20 = 4*b, 5*b = 3*a + 6 + 2. Let r = 76 + a. List the prime factors of r.
5, 13
Let f(j) = 2*j**3 + 36*j**2 + 25*j + 20. What are the prime factors of f(-14)?
2, 619
Let j(n) = -n**3 + 17*n**2 - 2*n + 14. What are the prime factors of j(12)?
2, 5, 71
Suppose v + t - 3033 = 0, -4*t + 3 + 1 = 0. List the prime factors of v.
2, 379
Let i(d) = -239*d**3 - 11*d**2 - 10*d - 1. List the prime factors of i(-2).
3, 17, 37
Suppose -5*f + 1 = -19. Let y(n) = f*n**2 - n**2 + 5 - 4*n**2 - 7*n. List the prime factors of y(-6).
11
Suppose 0 = x + 7. Let g = x - -43. List the prime factors of g.
2, 3
Suppose -3*q = k - 5209, -3*q + 39*k + 5210 = 41*k. List the prime factors of q.
2, 7, 31
Suppose 445*z = 448*z - 10518. What are the prime factors of z?
2, 1753
Let s be ((88/(-20))/11)/(2/(-50)). List the prime factors of ((-112)/(-30))/(4/s)*9.
2, 3, 7
Let u(a) = -a**3 - 3*a**2 + 5*a + 6. Let f be u(-4). Suppose 8 = -2*h, -3*h - h - 2 = f*y. Suppose 0 = -3*t + y + 2. What are the prime factors of t?
3
Let l be (-4 - -5) + (24 - 0). Suppose 87 = 2*x + l. Suppose -2*b = -x - 15. What are the prime factors of b?
23
Let s(v) = 481*v**3 - 3*v**2 + 5*v - 2. What are the prime factors of s(1)?
13, 37
Let v be (-18)/4*10/15. Let q(x) = -31*x - 17. What are the prime factors of q(v)?
2, 19
Suppose -2*f - 3*b + 1186 = 0, -21*b + 19*b + 2943 = 5*f. What are the prime factors of f?
587
Let y be 1*((-10)/(-3) + (-2)/(-3)). Let q(s) = 3*s**3 + 4*s**2 - 8*s + 2. List the prime factors of q(y).
2, 113
Suppose -t + 1 = 2*p - 8, 3*p = 2*t + 24. Suppose -4*n = -p*n + 34. List the prime factors of n.
17
Suppose 5*k = 5, -12*f + 22469 = -8*f - 3*k. List the prime factors of f.
2, 53
Suppose -2*k + 20 = 2*a + 4, 2*k - 3*a = -9. Suppose 0 = -c - k*d + 64, -2*c - d = 4*d - 131. What are the prime factors of c?
73
Suppose -5*x - 7*x + 5676 = 0. What are the prime factors of x?
11, 43
Suppose 0 = 2*l - y - 4*y - 434, -l + 3*y = -219. Let a = -144 + l. What are the prime factors of a?
3, 7
Let h = 176 - 137. List the prime factors of h.
3, 13
Let u be (-612)/(-1 + 5) + -1. Let y = u - -221. What are the prime factors of y?
67
Suppose -14893 = -4*y - 5*u, 3*y - 3*u - 5856 = 5307. What are the prime factors of y?
2, 1861
Let c(f) = 7*f**2 - 11*f - 31. List the prime factors of c(7).
5, 47
Let j(m) = -m + 9. Let s be j(9). Suppose 2*c - 59 - 55 = s. What are the prime factors of c?
3, 19
Let d(h) = h - 17. Let q be d(16). Let j be (q + 2 - 3) + 22. Let i = -7 + j. What are the prime factors of i?
13
Suppose -5*r + 2*r - 339 = -4*l, 3*l - 4*r - 263 = 0. Suppose -3*m = 5*w - 240, 79 = 2*m - 4*w - l. List the prime factors of m/(-12)*18/(-4).
2, 3, 5
List the prime factors of -2*6756/(-8) - (-3 - -4).
2, 211
List the prime factors of -1 - (-1 - 1)/(36/2358).
2, 5, 13
Suppose 19 = -3*k + 28. Suppose 2*m - 161 = -k*p, 4*m = -3*p - 55 + 224. List the prime factors of p.
3, 17
What are the prime factors of 23445/54 + (-3)/18?
2, 7, 31
Let i(o) = 34*o**2 + 42*o - 217. What are the prime factors of i(6)?
1259
Let q(t) = 2*t**2 + 3 - 4 + 0*t**2 - 5*t**2 + t**3 - 5*t. Let b be q(4). Let z(c) = c**2 - 3*c - 6. List the prime factors of z(b).
2, 17
List the prime factors of (-241 + (0 - -2))/(1/(-6)).
2, 3, 239
Suppose -371 + 965 = -9*w. What are the prime factors of 22/w - (-394)/3?
131
Let i be (-4)/6 - 25/(-15). Let y be (-3 + 1)/2*i. What are the prime factors of (16 - y) + -1 + -1?
3, 5
Suppose -117 = 9*l - 0*l. Let k(i) = -8*i - 25. List the prime factors of k(l).
79
What are the prime factors of -6 + 1 + (402 - 6)?
17, 23
Let o = 257 + -204. List the prime factors of o.
53
Let o(u) = u + 12. Let d be o(-9). Suppose l - 5*k - 18 = 0, d*k = l + 6*k + 6. What are the prime factors of l + 42/9*3?
17
Let w = 4 - -61. Suppose q - w - 41 = 0. List the prime factors of q/(-4)*(-2)/1.
53
Suppose -5*y + 50 = -5*i + 4605, 3*i - 2741 = -5*y. List the prime factors of i.
2, 3, 19
Let j(h) = h**3 + 35*h**2 - 86*h + 24. List the prime factors of j(-37).
2, 3, 13
Let m = -12 - -14. Suppose 6*b - m = 8*b. List the prime factors of 16*10/4 - b.
41
Let s be (-1)/((-2022)/1010 + 4/2). Suppose -y = -3*h - 5*y + 286, 5*h + y - s = 0. What are the prime factors of h?
2, 3, 17
Let a = 248 - 401. Let v = -102 - a. What are the prime factors of v?
3, 17
Let c(y) = -21*y + 575. List the prime factors of c(-75).
2, 5, 43
Suppose -12*y + 3941 = -2803. Let v = -369 + y. What are the prime factors of v?
193
Suppose -7*r + 8270 = -4358. List the prime factors of r.
2, 11, 41
Let o = 1321 + 525. List the prime factors of o.
2, 13, 71
Let k(a) = 124*a**2 + 23*a - 4. List the prime factors of k(2).
2, 269
Let u = 242 - 430. Let s = u - -352. What are the prime factors of s?
2, 41
Suppose -4*b = 20, 0 = 3*z - 4*b - 46 + 11. Suppose -z*o = 191 + 24. Let q = o + 62. What are the prime factors of q?
19
What are the prime factors of 1144 - 12/18*-12?
2, 3
Suppose -105*l + 108*l - 3546 = 0. List the prime factors of l.
2, 3, 197
Suppose 5*c - 25 = 4*c. Let i = c - 25. Suppose -5*q = -i*q - 300. List the prime factors of q.
2, 3, 5
Suppose -3*x = -9 + 3. Suppose -57 = -y + x*j, y = -0*y - j + 51. What are the prime factors of y?
53
Suppose 292 - 167 = k. List the prime factors of k.
5
Let o(v) = 140*v**2 + 12*v + 8. What are the prime factors of o(-2)?
2, 17
Suppose 24 = 2*z + 3*w, 3*z + 2*w - 39 = -w. Suppose 0*p - 3*j = p - z, 5*j - 75 = -5*p. What are the prime factors of p?
3, 5
Let z(p) = 2*p**2 + 4. Let k(r) = 2*r**2. Let m be k(-1). Let b be z(m). Let a = b - 2. What are the prime factors of a?
2, 5
Let k(r) = 43*r**3 - r**2 + 3*r + 13. List the prime factors of k(3).
2, 587
Let m(h) be the first derivative of -h**3/3 + 17*h**2/2 + 19*h + 1. Suppose -2*p = -5*r - 42, -11 = -p + 3*r + 11. List the prime factors of m(p).
5, 7
Suppose x = -q + 5*q + 25, 5*q = -x - 20. Let r = -1 - q. Suppose 0 = 3*p - 2*p - r. What are the prime factors of p?
2
Let s(b) = 5*b - 19. Let g be s(5). List the prime factors of -1 - ((-3)/1)/(g/28).
13
Let c = 34 - 16. Suppose 0 = r - 24 - c. Suppose -5*k + 80 = 2*n - r, 2*k = 4*n + 68. What are the prime factors of k?
2, 13
Let p be -1 + 2 - 269/(-1). Let h = -15 + 21. Suppose -h*c + p = -c. List the prime factors of c.
2, 3
Let j(b) = -b**3 - 13*b**2 - 13*b - 9. Let l be j(-12). Let a(i) = 22*i + 9. What are the prime factors of a(l)?
3, 5
What are the prime factors of (-20)/(-8) - 11554/(-4)?
7, 59
Let p(g) be the first derivative of -g**4/2 - 3*g**3 - 5*g**2/2 - 2*g + 24. What are the prime factors of p(-6)?
2, 17
Suppose -n = 2, -w + 10 = -3*n + 2. Let t(p) = 5*p**2 - 5*p. List the prime factors of t(w).
2, 5
List the prime factors of (-2 + 4)*1*(-11282)/(-4).
5641
Let f(j) = -j**2 + 8*j - 12. Let l(u) = -u**2 - 19*u + 19. Let x be l(-19). Let n = -14 + x. List the prime factors of f(n).
3
Let t = -11 + 20. Suppose -t = -4*c + 3. What are the prime factors of c?
3
Let k(d) = d - 7. Let c(h) = -h. Let w(s) = 4*c(s) + k(s). Let a be w(-6). Let x = a - -10. List the prime factors of x.
3, 7
Let z(f) = 3*f**2 - 13*f - 19. Let t = 51 + -56. What are the prime factors of z(t)?
11
Let n(g) = 20*g + 6. Let q be n(8). Suppose -700 = -2*m - q. What are the prime factors of m?
3, 89
Let r(v) = -v + 1. Let x(o) = -24*o + 74. Let u(j) = 2*r(j) - x(j). List the prime factors of u(9).
2, 3, 7
List the prime factors of (-2908)/(15/(30/(-4))).
2, 727
Let w be 1/(-1 + (-18)/(-15)). Suppose -k + 0*z + z = 7, 23 = -3*k + w*z. List the prime factors of ((-9)/k)/((-2)/(-8)).
2, 3
Suppose u + 19 = 2*o, -4*u = -2*o - 9*u + 37. Suppose -44 = -o*f + 9*f. List the prime factors of (33/f)/(6/112).
2, 7
Let g = 84 + -76. List the prime factors of (g - (-418)/(-8))/((-3)/8).
2, 59
Let s(t) = -t**3 + 19*t**2 + 8*t - 27. Let r be s(13). List the prime factors of (-45)/12 - -4 - r/(-4).
3, 7, 13
Suppose 1888 = 5*y + 27*y. What are the prime factors of y?
59
Let v(f) = 64*f**2 + 19*f + 72. List the prime factors of v(-4).
2, 3, 5, 17
Suppose 38*v = -18*v + 44016. What are the prime factors of